{"id":552,"date":"2014-08-19T08:03:58","date_gmt":"2014-08-19T07:03:58","guid":{"rendered":"http:\/\/donprijedor.com\/?page_id=552"},"modified":"2014-08-25T13:57:53","modified_gmt":"2014-08-25T12:57:53","slug":"humanitani-rad","status":"publish","type":"page","link":"http:\/\/donprijedor.com\/?page_id=552","title":{"rendered":"Humanitarne, volonterske  i edukativne aktivnosti"},"content":{"rendered":"<p>U okviru svog strate\u0161kog programa, Udru\u017eenje \u201eDON\u201c ve\u0107 dugi niz godina svoje aktivnosti usmjerava ka pojedincima, grupama gra\u0111ana i institucijama gdje u saradnji sa drugim organizacijama, koriste\u0107i metode op\u0161teg i stru\u010dnog osposobljavanja poma\u017ee razvoj volonterizma i humanitarnog rada.<\/p>\n<p>Ve\u0107 dugi niz godina akcenat stavljamo na rad sa mladima. Kroz razli\u010dite projekte neformalne edukacije, promocije volonterizma i aktivizma, promovisanja prava mladih, preno\u0161enja znanja i iskustava, razvijanja kreativnosti, socijalizacije mladih razli\u010ditih multietni\u010dkih grupa, mladima pru\u017eamo priliku da kroz razne aktivnosti razviju sebe i svoje dru\u0161tvene sposobnosti i da se svojim radom uklju\u010de u dru\u0161tvene tokove i ekonomski razvoj zajednice u kojoj \u0107e njihova prava biti priznata i ostvarena.<\/p>\n","protected":false},"excerpt":{"rendered":"<p>U okviru svog strate\u0161kog programa, Udru\u017eenje \u201eDON\u201c ve\u0107 dugi niz godina svoje aktivnosti usmjerava ka pojedincima, grupama gra\u0111ana i institucijama gdje u saradnji sa drugim organizacijama, koriste\u0107i metode op\u0161teg i stru\u010dnog osposobljavanja poma\u017ee razvoj volonterizma i humanitarnog rada. Ve\u0107 dugi niz godina akcenat stavljamo na rad sa mladima. Kroz razli\u010dite projekte neformalne edukacije, promocije volonterizma i aktivizma, promovisanja prava mladih, preno\u0161enja znanja i iskustava, razvijanja kreativnosti, socijalizacije mladih razli\u010ditih multietni\u010dkih grupa, mladima pru\u017eamo priliku da kroz razne aktivnosti razviju sebe i svoje dru\u0161tvene sposobnosti i da se svojim radom uklju\u010de u dru\u0161tvene tokove i ekonomski razvoj zajednice u kojoj \u0107e njihova prava biti priznata i ostvarena.<\/p>\n<a class=\"more-link\" rel=\"nofollow\" href=\"http:\/\/donprijedor.com\/?page_id=552\">[Detaljnije...]<\/a>","protected":false},"author":1,"featured_media":0,"parent":0,"menu_order":0,"comment_status":"closed","ping_status":"closed","template":"","meta":{"footnotes":""},"class_list":["post-552","page","type-page","status-publish","hentry"],"_links":{"self":[{"href":"http:\/\/donprijedor.com\/index.php?rest_route=\/wp\/v2\/pages\/552","targetHints":{"allow":["GET"]}}],"collection":[{"href":"http:\/\/donprijedor.com\/index.php?rest_route=\/wp\/v2\/pages"}],"about":[{"href":"http:\/\/donprijedor.com\/index.php?rest_route=\/wp\/v2\/types\/page"}],"author":[{"embeddable":true,"href":"http:\/\/donprijedor.com\/index.php?rest_route=\/wp\/v2\/users\/1"}],"replies":[{"embeddable":true,"href":"http:\/\/donprijedor.com\/index.php?rest_route=%2Fwp%2Fv2%2Fcomments&post=552"}],"version-history":[{"count":4,"href":"http:\/\/donprijedor.com\/index.php?rest_route=\/wp\/v2\/pages\/552\/revisions"}],"predecessor-version":[{"id":672,"href":"http:\/\/donprijedor.com\/index.php?rest_route=\/wp\/v2\/pages\/552\/revisions\/672"}],"wp:attachment":[{"href":"http:\/\/donprijedor.com\/index.php?rest_route=%2Fwp%2Fv2%2Fmedia&parent=552"}],"curies":[{"name":"wp","href":"https:\/\/api.w.org\/{rel}","templated":true}]}}

<p>U okviru svog strateškog programa, Udruženje „DON“ već dugi niz godina svoje aktivnosti usmjerava ka pojedincima, grupama građana i institucijama gdje u saradnji sa drugim organizacijama, koristeći metode opšteg i stručnog osposobljavanja pomaže razvoj volonterizma i humanitarnog rada.</p>
<p>Već dugi niz godina akcenat stavljamo na rad sa mladima. Kroz različite projekte neformalne edukacije, promocije volonterizma i aktivizma, promovisanja prava mladih, prenošenja znanja i iskustava, razvijanja kreativnosti, socijalizacije mladih različitih multietničkih grupa, mladima pružamo priliku da kroz razne aktivnosti razviju sebe i svoje društvene sposobnosti i da se svojim radom uključe u društvene tokove i ekonomski razvoj zajednice u kojoj će njihova prava biti priznata i ostvarena.</p>

<p>U okviru svog strateškog programa, Udruženje „DON“ već dugi niz godina svoje aktivnosti usmjerava ka pojedincima, grupama građana i institucijama gdje u saradnji sa drugim organizacijama, koristeći metode opšteg i stručnog osposobljavanja pomaže razvoj volonterizma i humanitarnog rada. Već dugi niz godina akcenat stavljamo na rad sa mladima. Kroz različite projekte neformalne edukacije, promocije volonterizma i aktivizma, promovisanja prava mladih, prenošenja znanja i iskustava, razvijanja kreativnosti, socijalizacije mladih različitih multietničkih grupa, mladima pružamo priliku da kroz razne aktivnosti razviju sebe i svoje društvene sposobnosti i da se svojim radom uključe u društvene tokove i ekonomski razvoj zajednice u kojoj će njihova prava biti priznata i ostvarena.</p>
<a class="more-link" rel="nofollow" href="http://donprijedor.com/?page_id=552">[Detaljnije...]</a>
