{"id":828,"date":"2014-09-02T14:02:06","date_gmt":"2014-09-02T13:02:06","guid":{"rendered":"http:\/\/donprijedor.com\/?page_id=828"},"modified":"2025-02-20T16:04:16","modified_gmt":"2025-02-20T15:04:16","slug":"osoblje-2","status":"publish","type":"page","link":"http:\/\/donprijedor.com\/?page_id=828","title":{"rendered":"Osoblje"},"content":{"rendered":"<p><a href=\"http:\/\/donprijedor.com\/wp-content\/uploads\/2014\/09\/unnamed.jpg\"><img loading=\"lazy\" decoding=\"async\" class=\"aligncenter size-full wp-image-877\" src=\"http:\/\/donprijedor.com\/wp-content\/uploads\/2014\/09\/unnamed.jpg\" alt=\"unnamed\" width=\"930\" height=\"458\" srcset=\"http:\/\/donprijedor.com\/wp-content\/uploads\/2014\/09\/unnamed.jpg 930w, http:\/\/donprijedor.com\/wp-content\/uploads\/2014\/09\/unnamed-300x147.jpg 300w\" sizes=\"auto, (max-width: 930px) 100vw, 930px\" \/><\/a><\/p>\n<p>&nbsp;<\/p>\n<p><strong>UPRAVNI ODBOR:<\/strong><\/p>\n<p>Goran Pavi\u0107, predsjednik;<\/p>\n<p>Dra\u0161ko \u0110enadija, \u010dlan;<\/p>\n<p>Jasna Stoji\u0107, \u010dlan;<\/p>\n<p>Sini\u0161a \u010ca\u0111o, \u010dlan;<\/p>\n<p>Valentina Banovi\u0107, \u010dlan;<\/p>\n<p align=\"justify\">\u00a0\u201dDON\u201d je Udru\u017eenje gra\u0111ana koje u svojim aktivnostima usmjerenim ka pojedincu, grupama gra\u0111ana i institucijama u saradnji sa drugim organizacijama koriste\u0107i metode op\u0161teg i stru\u010dnog osposobljavanja, organizuju\u0107i i uklju\u010duju\u0107i gra\u0111ane u dru\u0161tvene tokove i ekonomski razvoj, stavlja \u010covjeka u centar stabilne socijalne pravedne dr\u017eave BiH.<\/p>\n<p>Za uspje\u0161no sprovo\u0111enje svih projekata brinu se:<\/p>\n<p><strong>Murisa Mari\u0107 &#8211; izvr\u0161na direktorica<\/strong><\/p>\n<p>Diplomirani ekonomista;<\/p>\n<p>E-mail: murisa@donprijedor.org<\/p>\n<p>&nbsp;<\/p>\n<p><strong>IZVR\u0160NO OSOBLJE:<\/strong><\/p>\n<p><strong>Emilli Rihani &#8211; menad\u017eer za razvoj;<\/strong><\/p>\n<p>Master ekonomije \u2013 menad\u017ement i marketing malih i srednjih preduzeca;<\/p>\n<p>E-mail: emilli@donprijedor.org<\/p>\n<p>&nbsp;<\/p>\n<p><strong>Zoran Peto\u0161 &#8211; menad\u017eer za rad sa potro\u0161a\u010dima;<\/strong><\/p>\n<p>Elektrotehni\u010dar automatike;<\/p>\n<p>E-mail: zoran@donprijedor.org<\/p>\n<p>&nbsp;<\/p>\n<p><strong>\u017deljko Mari\u0107 \u2013 menad\u017eer za razvoj zajednice<\/strong><\/p>\n<p>Saobra\u0107ajni tehni\u010dar;<\/p>\n<p>E-mail: zeljko@donprijedor.org<\/p>\n<p>&nbsp;<\/p>\n<p><strong>Jelena Stojanovi\u0107 Kecman &#8211; menad\u017eer za finansije<br \/>\n<\/strong><\/p>\n<p>Dipl. ing. menad\u017eer<\/p>\n<p>E-mail: finansije@donprijedor.org<\/p>\n<p>&nbsp;<\/p>\n","protected":false},"excerpt":{"rendered":"<p>&nbsp; UPRAVNI ODBOR: Goran Pavi\u0107, predsjednik; Dra\u0161ko \u0110enadija, \u010dlan; Jasna Stoji\u0107, \u010dlan; Sini\u0161a \u010ca\u0111o, \u010dlan; Valentina Banovi\u0107, \u010dlan; \u00a0\u201dDON\u201d je Udru\u017eenje gra\u0111ana koje u svojim aktivnostima usmjerenim ka pojedincu, grupama gra\u0111ana i institucijama u saradnji sa drugim organizacijama koriste\u0107i metode op\u0161teg i stru\u010dnog osposobljavanja, organizuju\u0107i i uklju\u010duju\u0107i gra\u0111ane u dru\u0161tvene tokove i ekonomski razvoj, stavlja \u010covjeka u centar stabilne socijalne pravedne dr\u017eave BiH. Za uspje\u0161no sprovo\u0111enje svih projekata brinu se: Murisa Mari\u0107 &#8211; izvr\u0161na direktorica Diplomirani ekonomista; E-mail: murisa@donprijedor.org &nbsp; IZVR\u0160NO OSOBLJE: Emilli Rihani &#8211; menad\u017eer za razvoj; Master ekonomije \u2013 menad\u017ement i marketing malih i srednjih preduzeca; E-mail: emilli@donprijedor.org &nbsp; Zoran Peto\u0161 &#8211; menad\u017eer za rad sa potro\u0161a\u010dima; Elektrotehni\u010dar automatike; E-mail: zoran@donprijedor.org &nbsp; \u017deljko Mari\u0107 \u2013 menad\u017eer za razvoj zajednice Saobra\u0107ajni tehni\u010dar; E-mail: zeljko@donprijedor.org &nbsp; Jelena Stojanovi\u0107 Kecman &#8211; menad\u017eer za finansije Dipl. ing. menad\u017eer E-mail: finansije@donprijedor.org &nbsp;<\/p>\n<a class=\"more-link\" rel=\"nofollow\" href=\"http:\/\/donprijedor.com\/?page_id=828\">[Detaljnije...]<\/a>","protected":false},"author":1,"featured_media":0,"parent":0,"menu_order":0,"comment_status":"closed","ping_status":"closed","template":"","meta":{"footnotes":""},"class_list":["post-828","page","type-page","status-publish","hentry"],"_links":{"self":[{"href":"http:\/\/donprijedor.com\/index.php?rest_route=\/wp\/v2\/pages\/828","targetHints":{"allow":["GET"]}}],"collection":[{"href":"http:\/\/donprijedor.com\/index.php?rest_route=\/wp\/v2\/pages"}],"about":[{"href":"http:\/\/donprijedor.com\/index.php?rest_route=\/wp\/v2\/types\/page"}],"author":[{"embeddable":true,"href":"http:\/\/donprijedor.com\/index.php?rest_route=\/wp\/v2\/users\/1"}],"replies":[{"embeddable":true,"href":"http:\/\/donprijedor.com\/index.php?rest_route=%2Fwp%2Fv2%2Fcomments&post=828"}],"version-history":[{"count":13,"href":"http:\/\/donprijedor.com\/index.php?rest_route=\/wp\/v2\/pages\/828\/revisions"}],"predecessor-version":[{"id":5044,"href":"http:\/\/donprijedor.com\/index.php?rest_route=\/wp\/v2\/pages\/828\/revisions\/5044"}],"wp:attachment":[{"href":"http:\/\/donprijedor.com\/index.php?rest_route=%2Fwp%2Fv2%2Fmedia&parent=828"}],"curies":[{"name":"wp","href":"https:\/\/api.w.org\/{rel}","templated":true}]}}