{"id":10902,"date":"2026-04-30T15:37:31","date_gmt":"2026-04-30T14:37:31","guid":{"rendered":"https:\/\/donprijedor.com\/?page_id=10902"},"modified":"2026-04-30T15:37:51","modified_gmt":"2026-04-30T14:37:51","slug":"humanitarne-volonterske-i-edukativne-aktivnosti-2","status":"publish","type":"page","link":"https:\/\/donprijedor.com\/?page_id=10902","title":{"rendered":"Humanitarne, volonterske i edukativne aktivnosti"},"content":{"rendered":"\t\t<div data-elementor-type=\"wp-page\" data-elementor-id=\"10902\" class=\"elementor elementor-10902\">\n\t\t\t\t\t\t<div class=\"elementor-element elementor-element-42384f86 e-con e-atomic-element e-flexbox-base e-42384f86-3b33124\" data-id=\"42384f86\" data-element_type=\"e-flexbox\" data-e-type=\"e-flexbox\" data-interaction-id=\"42384f86\">\n\t\t\t\t\t\t\t<h2 \n\t\tdata-interaction-id=\"28f351a2\" \n\t\tclass=\"e-28f351a2-ec23120 e-heading-base\" \n\t\t \n\t\t\n\t>\n\t\n\t\t\t<strong>Humanitarne, volonterske i edukativne aktivnosti<\/strong>\n\t\t<\/h2>\n\t\t\t\t<\/div>\n\t\t<div class=\"elementor-element elementor-element-5e25b6d8 e-flex e-con-boxed e-con e-parent\" data-id=\"5e25b6d8\" data-element_type=\"container\" data-e-type=\"container\">\n\t\t\t\t\t<div class=\"e-con-inner\">\n\t\t\t\t<div class=\"elementor-element elementor-element-2316b635 elementor-widget elementor-widget-text-editor\" data-id=\"2316b635\" data-element_type=\"widget\" data-e-type=\"widget\" data-widget_type=\"text-editor.default\">\n\t\t\t\t\t\t\t\t\t<p>U okviru svog strate\u0161kog programa, Udru\u017eenje \u201eDON\u201c ve\u0107 dugi niz godina svoje aktivnosti usmjerava ka pojedincima, grupama gra\u0111ana i institucijama gdje u saradnji sa drugim organizacijama, koriste\u0107i metode op\u0161teg i stru\u010dnog osposobljavanja poma\u017ee razvoj volonterizma i humanitarnog rada.<\/p>\n<p>Ve\u0107 dugi niz godina akcenat stavljamo na rad sa mladima. Kroz razli\u010dite projekte neformalne edukacije, promocije volonterizma i aktivizma, promovisanja prava mladih, preno\u0161enja znanja i iskustava, razvijanja kreativnosti, socijalizacije mladih razli\u010ditih multietni\u010dkih grupa, mladima pru\u017eamo priliku da kroz razne aktivnosti razviju sebe i svoje dru\u0161tvene sposobnosti i da se svojim radom uklju\u010de u dru\u0161tvene tokove i ekonomski razvoj zajednice u kojoj \u0107e njihova prava biti priznata i ostvarena.<\/p>\t\t\t\t\t\t\t\t<\/div>\n\t\t\t\t\t<\/div>\n\t\t\t\t<\/div>\n\t\t\t\t<\/div>\n\t\t","protected":false},"excerpt":{"rendered":"<p>Humanitarne, volonterske i edukativne aktivnosti U okviru svog strate\u0161kog programa, Udru\u017eenje \u201eDON\u201c ve\u0107 dugi niz godina svoje aktivnosti usmjerava ka pojedincima, grupama gra\u0111ana i institucijama gdje u saradnji sa drugim organizacijama, koriste\u0107i metode op\u0161teg i stru\u010dnog osposobljavanja poma\u017ee razvoj volonterizma i humanitarnog rada. Ve\u0107 dugi niz godina akcenat stavljamo na rad sa mladima. Kroz razli\u010dite [&hellip;]<\/p>\n","protected":false},"author":1,"featured_media":0,"parent":0,"menu_order":0,"comment_status":"closed","ping_status":"closed","template":"","meta":{"give_campaign_id":0,"footnotes":""},"class_list":["post-10902","page","type-page","status-publish","hentry"],"aioseo_notices":[],"campaignId":"","_links":{"self":[{"href":"https:\/\/donprijedor.com\/index.php?rest_route=\/wp\/v2\/pages\/10902","targetHints":{"allow":["GET"]}}],"collection":[{"href":"https:\/\/donprijedor.com\/index.php?rest_route=\/wp\/v2\/pages"}],"about":[{"href":"https:\/\/donprijedor.com\/index.php?rest_route=\/wp\/v2\/types\/page"}],"author":[{"embeddable":true,"href":"https:\/\/donprijedor.com\/index.php?rest_route=\/wp\/v2\/users\/1"}],"replies":[{"embeddable":true,"href":"https:\/\/donprijedor.com\/index.php?rest_route=%2Fwp%2Fv2%2Fcomments&post=10902"}],"version-history":[{"count":4,"href":"https:\/\/donprijedor.com\/index.php?rest_route=\/wp\/v2\/pages\/10902\/revisions"}],"predecessor-version":[{"id":11198,"href":"https:\/\/donprijedor.com\/index.php?rest_route=\/wp\/v2\/pages\/10902\/revisions\/11198"}],"wp:attachment":[{"href":"https:\/\/donprijedor.com\/index.php?rest_route=%2Fwp%2Fv2%2Fmedia&parent=10902"}],"curies":[{"name":"wp","href":"https:\/\/api.w.org\/{rel}","templated":true}]}}